se 7.
-26310
-277544 (base 8) to base 16
-17f64
What is 11260362 (base 8) in base 4?
21112003302
What is 2121020101102 (base 3) in base 15?
1c4945
Convert -a0966 (base 11) to base 7.
-1153144
Convert 5403311 (base 6) to base 16.
40bbb
1140242 (base 6) to base 9
100818
What is 786ca (base 15) in base 6?
12112431
Convert -777a (base 12) to base 4.
-3032032
What is -923155 (base 13) in base 14?
-649165
Convert 70534 (base 9) to base 15.
db0d
What is 134012201 (base 5) in base 16?
a812a
What is -635174 (base 8) in base 4?
-303221330
-2124214 (base 5) to base 4
-20311120
Convert -c03c7 (base 15) to base 12.
-25408a
Convert 100100000010000010110011 (base 2) to base 14.
137c387
-71c0 (base 16) to base 4
-13013000
2d86 (base 15) to base 5
303201
-1111101110000 (base 2) to base 10
-8048
Convert 18383 (base 9) to base 16.
31a7
Convert 10b0b1 (base 15) to base 12.
32504a
Convert -206561 (base 10) to base 14.
-553c5
What is -db559 (base 15) in base 2?
-10101010000010001011
Convert 21300377 (base 8) to base 16.
4580ff
Convert 3741e6 (base 15) to base 12.
a77609
Convert -42193 (base 14) to base 16.
-26ef5
What is -6447503 (base 11) in base 6?
-1043033311
Convert 11111001101111100 (base 2) to base 8.
371574
What is 2a948 (base 14) in base 8?
317164
What is -2287147 (base 9) in base 7?
-13346233
What is 17753 (base 13) in base 6?
545115
-465829 (base 10) to base 6
-13552341
Convert 47020 (base 8) to base 2.
100111000010000
What is 85285 (base 10) in base 15?
1a40a
What is 6a112 (base 11) in base 15?
2002a
What is -308080 (base 9) in base 5?
-21324201
Convert 1220330222 (base 4) to base 6.
13114042
Convert 72233 (base 12) to base 6.
3105303
151747 (base 10) to base 14
3d431
a70a (base 15) to base 11
24603
Convert 3303113 (base 6) to base 3.
22022221200
2210011200001 (base 3) to base 9
2704601
-1794201 (base 10) to base 7
-21151623
What is -4554304 (base 8) in base 7?
-13332664
What is -2131312 (base 4) in base 16?
-2776
What is -e5909c (base 15) in base 5?
-10243234042
1372712 (base 12) to base 15
51a3c5
-88dbb5 (base 14) to base 10
-4647907
23351225 (base 6) to base 13
1c7333
What is -1242330115 (base 6) in base 9?
-30550352
b1596 (base 12) to base 8
702402
-30437473 (base 8) to base 10
-6438715
Convert 2a58 (base 16) to base 2.
10101001011000
What is -7689a08 (base 11) in base 4?
-303133103112
What is -19665b7 (base 12) in base 2?
-10100011100110111011011
Convert b58d (base 14) to base 2.
111101000111001
12aa997 (base 11) to base 16
2266f2
Convert 1288043 (base 13) to base 12.
1b45562
What is -1100000011011 (base 2) in base 12?
-36a3
What is -b0ae1 (base 16) in base 14?
-14ba37
112074 (base 15) to base 11
50879a
Convert 1da882 (base 14) to base 6.
34504454
What is 23543 (base 14) in base 12?
419b3
What is 11032230 (base 4) in base 14?
7b40
Convert -66141544 (base 8) to base 10.
-14205796
-100022032101 (base 4) to base 14
-7c3b21
-2781b2 (base 13) to base 11
-5a6624
-4102a38 (base 12) to base 2
-101110100001111101001100
84951 (base 10) to base 4
110233113
What is 12210101002 (base 3) in base 6?
2235432
What is 1202427 (base 8) in base 14?
87c6b
1100110010011000 (base 2) to base 13
1aabc
Convert 142c07 (base 13) to base 9.
828758
Convert -10402666 (base 8) to base 2.
-1000100000010110110110
What is 4201344 (base 5) in base 14?
1b1ca
174685 (base 9) to base 12
5291b
146f2b (base 16) to base 14
26c079
-54045320 (base 7) to base 10
-4599791
-2150320 (base 6) to base 2
-11010010010101000
39332a (base 11) to base 10
619310
What is 62806 (base 14) in base 6?
5031450
Convert 882832 (base 12) to base 14.
40386a
What is 81296c (base 13) in base 2?
1011011101100111101110
Convert -14354050 (base 7) to base 8.
-5134224
What is 170762 (base 8) in base 4?
33013302
Convert -20731510 (base 8) to base 6.
-235032440
What is -12220120111 (base 3) in base 6?
-2254321
Convert 49a39 (base 15) to base 3.
102221121100
Convert -4124543 (base 8) to base 12.
-447aab
What is -6d0a (base 15) in base 7?
-124411
What is -1011112121210 (base 3) in base 2?
-10010111100100100000
What is 33310001 (base 4) in base 15?
142ce
4b805 (base 14) to base 8
552115
Convert -112102212210 (base 3) to base 6.
-10031503
-7947b5 (base 15) to base 9
-11788518
Convert -447471 (base 11) to base 2.
-10101101111111000111
What is -c4ba (base 16) in base 7?
-266554
Convert -1015176 (base 9) to base 16.
-84465
Convert 14478 (base 16) to base 6.
1440320
Convert 7ba500 (base 13) to base 12.
b97119
232380 (base 9) to base 11
95938
Convert 222020220212 (base 3) to base 16.
7e2c3
Convert 27545 (base 13) to base 2.
10001111010111011
What is -50a64 (base 14) in base 2?
-101111011001010000
f0f14 (base 16) to base 10
986900
Convert 10013201230 (base 4) to base 14.
201524
-29a01 (base 13) to base 7
-445054
Convert 10200201 (base 5) to base 8.
244712
Convert 183608 (base 9) to base 16.
1be2a
Convert 13320210 (base 4) to base 15.
987c
-4561316 (base 7) to base 11
-3599a4
What is -345125 (base 11) in base 10?
-548520
Convert 441502344 (base 6) to base 11.
4522720
Convert -313132 (base 9) to base 3.
-100110011002
What is 3250416 (base 7) in base 4?
1201112313
What is -865160 (base 10) in base 15?
-121525
What is 529a (base 12) in base 13?
416b
What is -13620383 (base 10) in base 12?
-468a1bb
What is -2646258 (base 12) in base 4?
-130311113210
-43bc (base 14) to base 7
-46125
-6ea70 (base 15) to base 7
-3001122
What is -86101 (base 16) in base 11?
-345621
Convert -2812935 (base 12) to base 3.
-120000211200112
Convert 69812 (base 14) to base 2.
111110101100001000
-410304 (base 13) to base 14
-2b5ba4
What is 5323a1 (base 11) in base 10?
852314
What is 91879 (base 14) in base 3?
122210100000
What is 40331221 (base 5) in base 7?
2516264
What is 4a2a4 (base 14) in base 10?
181640
-246168 (base 10) to base 3
-110111200100
What is 68a7c (base 14) in base 15?
5062d
What is 120111022212220 (base 3) in base 12?
2911043
Convert -2322441 (base 6) to base 15.
-2578d
Convert 9c1772 (base 14) to base 7.
63045202
Convert -20222530 (base 6) to base 11.
-365822
Convert 85562 (base 9) to base 8.
156422
-4bce49 (base 16) to base 15
-682009
Convert 17735 (base 9) to base 6.
132435
Convert -120101112102020 (base 3) to base 2.
-11111001100110100001010
Convert 153b21 (base 12) to base 6.
11411241
-100121001110112 (base 3) to base 10
-5098964
236198 (base 11) to base 6
12004331
-2646144 (base 9) to base 2
-101100001011111101011
-1550633 (base 7) to base 8
-641767
-2053540 (base 6) to base 9
-163046
Convert 1012011211012 (base 3) to base 15.
c79eb
Convert -8e84e (base 15) to base 10.
-454124
Convert -104040132 (base 5) to base 4.
-1233033303
Convert -621188 (base 10) to base 12.
-25b598
Convert -1bd61 (base 15) to base 8.
-261216
What is 466021 (base 9) in base 16?
44593
Convert -100100001010101011 (base 2) to base 14.
-3bdb5
Convert 622481 (base 9) to base 10.
369271
-144557 (base 12) to base 2
-1010010111000010011
What is -53ecb3 (base 15) in base 12?
-140a1b0
What is 2042411413 (base 5) in base 11?
2452140
Convert -2002122022022 (base 3) to base 15.
-1704e5
Convert -122212122010 (base 3) to base 15.
-6e3b0
-511322 (base 6) to base 14
-10a9c
Convert -2733916 (base 11) to base 5.
-2202011001
Convert -4102314324 (base 5) to base 6.
-452415044
What is 224332134 (base 5) in base 12?
409474
What is -d513d (base 14) in base 15?
-a21a4
1001010100010001100110 (base 2) to base 4
21110101212
What is 751622 (base 8) in base 6?
5212550
-13421612 (base 7) to base 15
-19a1cb
Convert -4423751 (base 8) to base 3.
-2020110012002
What is 111140232 (base 5) in base 7?
4110524
Convert 22e49a (base 15) to base 12.
685547
-1011000011011101111100 (base 2) to base 16
-2c377c
What is 1000111000000 (base 2) in base 9?
6208
-88062 (base 14) to base 10
-329366
Convert -541211 (base 6) to base 11.
-30367
103032023 (base 5) to base 7
3510513
Convert 8c0c5 (base 15) to base 8.
1546365
What is 10000022210102 (base 3) in base 16?
186cdd
-241445 (base 8) to base 15
-197a0
-465667 (base 8) to base 4
-212232313
-16887295 (base 10) to base 8
-100326777
-12111010012 (base 3) to base 6
-2151522
Convert -85419f (base 16) to base 3.
-121102200112200
Convert 250322002 (base 6) to base 2.
10010010000010001110010
Convert -20011231 (base 4) to base 7.
-165412
-1112312 (base 4) to base 16
-15b6
